 d(q) = 215*q**2 - 1 - 114*q**2 - 117*q**2. What is d(-1)?
-17
Let r(b) = -b**3 - 4*b**2 + 4*b - 4. Suppose 5*n + 5 + 20 = 0. Let h be r(n). Let g(f) = f - 1. Determine g(h).
0
Let k be (1 - -1)/(6/12). Let h(m) = -m**3 + 5*m**2 - 4. Calculate h(k).
12
Let l(j) be the first derivative of 1/2*j**4 - 1/3*j**3 + 2 + 0*j + 1/2*j**2. Suppose 5*u + 4*r + 7 = 0, u - 5*r = -0*u + 16. What is l(u)?
2
Let k(q) = -q + 4 + 13 - 10. Give k(4).
3
Suppose 5*z - 5*l = 2*z - 10, 2*z = 4*l - 8. Let q(j) = -j - 9. Give q(z).
-9
Let h = 29 + -34. Let i(w) = -2*w - 3. Calculate i(h).
7
Let o(x) = -2*x - 1. Let t be o(-2). Let i(f) = 2*f + t + 1 + f**2 - 5 - 2*f**3. Let c(q) = q**3 + 8*q**2 + 9*q + 16. Let p be c(-7). Calculate i(p).
-9
Suppose -2*w - 5 = 1. Let q(t) = -2*t**3 + 6*t**2 + 3*t - 5. Let v(i) = -i**3 + 5*i**2 + 2*i - 4. Let d(p) = 2*q(p) - 3*v(p). Determine d(w).
2
Let g(h) = h - 1. Let o(j) = -j**3 + j**2 + 2*j + 1. Let c be o(2). Calculate g(c).
0
Suppose -i = -4*a + 4*i - 13, 2*i = 2*a + 4. Let l(g) = g - 1 + a + 2 - 3. Suppose 8 + 7 = -5*r. Determine l(r).
-2
Let r(u) = -u**3 + 4*u**2 - u. Let s = -5 - -8. Suppose 0 = -2*j + j + s. What is r(j)?
6
Let f(p) = p - 1. Let c(r) = 9*r - 7. Let y(u) = c(u) - 6*f(u). Let h(i) = -13*i + 5. Let t(k) = -2*h(k) - 9*y(k). Determine t(0).
-1
Suppose m - 5*m - 8 = -4*d, -m - 3*d = -14. Suppose m*i - i = 2. Let k(q) = -q**3 + q**2 + 3*q - 3. What is k(i)?
-1
Let b(o) = -o**3 + 7*o**2 - 5*o - 6. Let n(y) = 6*y**2 + y + 1. Let c be n(-1). What is b(c)?
0
Let i(l) = -l**2 + 4*l + 7. Let a(g) = 2*g**2 - 31*g - 11. Let w be a(16). Determine i(w).
2
Suppose 2*t - 2 = -5*w + 2, -10 = -5*t + 5*w. Suppose t*m + 6 = 4*m. Let v(q) = -2*q + 2. Calculate v(m).
-4
Let j(k) = k**2 - 2*k**2 + 0*k - 7*k - 5. Suppose 0 = 3*q - 0 + 18. Determine j(q).
1
Suppose -11 = 4*h - 3, -4*d + 5*h - 22 = 0. Let v(q) = -q - 2. What is v(d)?
6
Let q(i) = -i**2 + i - 2. Let d(h) be the first derivative of -h**2 - h + 4. Let k be d(-2). Suppose -k*j + 5*j = 0. What is q(j)?
-2
Suppose -2*s - 5*a - 6 = 0, 2*a = -7*s + 4*s + 2. Let l(t) = -t**s + 7 + 2 + 5*t - 5 - 4*t. What is l(0)?
4
Let g(j) = -j**3 + 6*j**2 + 9*j - 8. Let k = -49 - -56. Give g(k).
6
Suppose -5*c = 9 - 29. Let r(h) = 3*h + 1 - 3*h + 3*h - c. Calculate r(2).
3
Let m = -3 + 7. Suppose -4*o + 5 + 7 = -2*z, 0 = -m*z + 2*o. Let n(v) = 3*v**z + 1 + 2*v**2 - 6*v**2. Determine n(1).
0
Let v(o) = 2*o + 1. Let q(u) = -2*u - 1. Let i(g) = -2*q(g) - 3*v(g). Let n(k) = -3*k - 1. Let j(z) = -5*i(z) + 3*n(z). Determine j(3).
5
Let d be (1*-11)/(3/12). Let i be d/(-12) - (-2)/(-3). Let a(w) = -w**2 - 4*w**2 + w**2 + i*w**2 - w. Give a(-2).
-2
Let l(s) = 8*s + 3. Let o be (-8 - -5)/((-12)/(-8)). What is l(o)?
-13
Let a = -13 + 15. Let o(s) = 4*s**3 + s**2 + 2*s**3 - 3*s**2 - 1 + a*s. Give o(1).
5
Suppose -r = 4 + 1. Let a = 23 + -21. Let p(g) = 1 - 3*g - 6 + a*g. What is p(r)?
0
Let t(l) = 7*l + 2 + 2 - 7 + 2. What is t(2)?
13
Let w(s) be the third derivative of 1/24*s**4 - 11/6*s**3 + 0 + 7*s**2 + 0*s. Calculate w(6).
-5
Let r(k) = -2*k - 8 + 1 - 2 + 4. What is r(-5)?
5
Let x(s) = -10*s + 2. Let u(h) = 25*h - 1. Let l(m) = -12*m. Let n(i) = -5*l(i) - 3*u(i). Let z(f) = 5*n(f) - 8*x(f). What is z(-1)?
-6
Let n be 1 + (0/(-3) - 3). Let a be 2/11 + 60/33. Let q(r) = 1 + r - 2 + 0*r + r**a + 0. Give q(n).
1
Let z(y) = -6*y + 1. Suppose -5*f = -3*m - 45, 0 = -2*f - 2*m - m + 39. Let u be f/(-8)*2/(-3). Determine z(u).
-5
Let t(f) be the third derivative of 0*f + 5/6*f**3 + 6*f**2 + 0 - 5/24*f**4 - 1/60*f**5. Give t(-5).
5
Let f(r) be the third derivative of r**4/8 + r**3/2 - 14*r**2. Give f(3).
12
Let g be 7 - 4/(2 - 0). Suppose -4*t + 3 = -g*t. Let w(j) = j**3 - 2*j**2 + j**3 + 2 + 2*j - 3*j**3. What is w(t)?
5
Let w(g) = -g**3 - 3*g**2 + 2*g - 3. Let a = -5 - -7. Let n be ((-24)/(-18))/(2/(-3)). Let u be n/((-2)/(-8)*a). Calculate w(u).
5
Suppose 0 = 3*t - 17 - 7. Let y be (t - 3)/(2 + -1). Let k(l) = l**2 - y - 3*l + 0*l + l. Determine k(5).
10
Suppose 7*m - 3*m = 4. Let v(h) = 0 - m - 2*h + 4 + 2. Give v(4).
-3
Let g(v) = v**3 + 2*v**2 - 4*v - 3. Let b(y) = y**2 - 6*y - 9. Let q be b(7). Let f = -5 - q. What is g(f)?
0
Suppose -9*t - 30 = -15*t. Let d(k) = k**3 - 4*k**2 - 3*k - 3. Give d(t).
7
Let n(v) = 5. Let c(i) = -i. Let s(r) = c(r) - n(r). Determine s(-4).
-1
Let f(p) = -p**3 + 5*p**2 + 7*p - 9. Let g be f(6). Let w(k) = 514*k - 1 - 517*k + 2. Determine w(g).
10
Let i(q) be the first derivative of 3/2*q**2 + 4 - 3*q. Determine i(3).
6
Let v(t) = 1. Let f(z) = -z**2 + 3*z + 1. Let p(g) = -f(g) - 3*v(g). Let a be ((-15)/2)/(1/4). Let s be a/4*8/(-12). What is p(s)?
6
Let l(j) = 5*j + 3*j**3 - 5*j**3 - 4*j. Suppose -b + 6 = 5. What is l(b)?
-1
Suppose -6 = k + 2*k. Let y(a) = 2*a**2 - 4*a. Let t(g) = 2*g**2 - 5*g. Let f(v) = 5*t(v) - 6*y(v). Determine f(k).
-6
Suppose -k + 0 = -4. Let j(n) = 0*n**3 - n**3 + 0*n**3 - 1 + 5*n**2 - 5*n. Calculate j(k).
-5
Let r(a) = 0 + a**3 - 12*a**2 + 10*a**2 - 1. Let x be (-2 - 1)/(9/(-6)). What is r(x)?
-1
Let r(k) = 3*k**3 - 19*k**2 + 1 + 6*k**2 + 7*k**2 + 4*k**2. Calculate r(-1).
-4
Let p(w) be the third derivative of w**4/6 - w**3/3 - 10*w**2. What is p(-2)?
-10
Let c(s) = -s**2 - 2*s - 4. Suppose 0*a - 2*a = 8. What is c(a)?
-12
Suppose j + 4 = 11. Let k(q) = 2. Let t(g) = g - 1. Let f(o) = 2*k(o) - 2*t(o). Determine f(j).
-8
Let q be 0 + 0 + 0/2. Suppose -3*y + 5*y - 6 = q. Let j(n) = 11*n**3 - 3*n + n**3 + 4*n**2 - 13*n**3 + 4. Give j(y).
4
Let z(u) = -u**2 + 6*u + 7. Let p be z(6). Let n(d) = d - 9. Give n(p).
-2
Let l = 67 + -37. Let y(b) = -l + 2*b + 30. Determine y(2).
4
Let r be -1*(-3)/(-6)*2. Let q = 5 + -3. Let w(m) = 9*m**2 + 4*m - 1. Let a(z) = 46*z**2 + 21*z - 6. Let n(x) = q*a(x) - 11*w(x). Give n(r).
-6
Suppose 3*j - 6 = 9. Suppose 4*n = -j*y - 17, -4*n + 2*y - 10 = -0*y. Let x(k) = k**3 + 2*k**2 + 4. Determine x(n).
-5
Let u(g) be the third derivative of g**5/15 - g**4/8 + g**3/6 - 3*g**2. Determine u(2).
11
Let n(w) be the third derivative of w**4/24 - w**3/2 + 3*w**2. Determine n(7).
4
Let z be (21/(-14))/(-1) - 21/2. Let o(h) = h**3 + 8*h**2 - 9*h + 1. Give o(z).
1
Let s(i) = i - 3 - 9 - 2 - 2. Give s(0).
-16
Let z(i) = -i**3 - 3*i**2 + 3. Let h be z(-3). Let l(c) = -c + 2*c**2 - 4 - 3*c + 2*c. Calculate l(h).
8
Suppose 0 = -2*g + 4*l + 20, l = -2*g + 3*g - 8. Let f(n) be the third derivative of 0*n + 5/24*n**4 + 1/6*n**3 - 2*n**2 + 0 - 1/60*n**5. Calculate f(g).
-5
Let y(m) = -2*m**3 + 9*m + 6*m**2 + 4*m**3 - 3*m**3 - 3 - 7. Determine y(7).
4
Let g = 2 - -1. Suppose 5*j - g*j - 12 = 0. Let f(u) = u**3 - 5*u**2 - 7*u + 9. Determine f(j).
3
Let v(q) = -q**3 - 5*q**2 - 5*q. Let j be v(-4). Suppose 0*r = -j*r + 4. Let h(g) = g - 1. Let a(c) = c**2 - 2*c. Let u(y) = r*a(y) - 4*h(y). Determine u(3).
-5
Let j(b) = -6*b**3 - b**2 + b + 8. Let y(a) = 5*a**3 + 2*a**2 - a - 8. Let l(c) = -4*j(c) - 5*y(c). Calculate l(-6).
2
Let n(d) = d**2 + 5*d - 1. Let o(v) = 4*v**2 + 21*v - 5. Let k(t) = -9*n(t) + 2*o(t). Let y be k(-3). Let m(i) = 1 - 3*i + 0 - 1. Determine m(y).
3
Let z(i) be the first derivative of -i**3/3 - 4*i - 2. Suppose 5*q - 20 + 8 = -3*d, q + 12 = 3*d. Let t(h) = h + 3. Let g be t(q). Give z(g).
-13
Let i(v) = -v**2 + 5*v - 2. Suppose 3*r - r - 2*u = 14, -5*r = -4*u - 34. Determine i(r).
-8
Let t = 400 - 399. Let d(u) = 2*u**3 - 4*u**2 + 5*u - 4. Let l(f) = -f**2 + f - 1. Let j(m) = d(m) - 4*l(m). Determine j(t).
3
Let f(g) be the first derivative of g**5/60 - g**4/8 - g**3/3 - 3. Let u(b) be the third derivative of f(b). Suppose -p - 4 = -3*p. Determine u(p).
1
Let x(q) = -1 - q**2 + 1 - 2 + 0. Let i be x(0). Let f(v) = -4*v - 1. Determine f(i).
7
Let s be (-3 + -2)*2/5. Let l(i) = -2091*i + 2*i**2 - 3*i**2 + 2090*i + 4*i**2 - 1. Give l(s).
13
Let m(p) = 6*p**3 + 2*p**2 + 3*p - 3. Let z(n) = 5*n**3 + 2*n**2 + 2*n - 2. Let j(a) = -3*m(a) + 4*z(a). Suppose 2*g = 9 - 13. Determine j(g).
-5
Let v(p) be the second derivative of -p**4/12 - 2*p**3/3 + p**2/2 - 2*p. Let y(h) = 3*h - 6 - 2*h + 2. Let s be y(0). Give v(s).
1
Let v(o) be the second derivative of o**5/60 - 5*o**4/24 - 5*o**3/6 + o**2/2 - 3*o. Let t(c) be the first derivative of v(c). Calculate t(6).
1
Suppose 7*f + 5 = -2*k + 2*f, -5*k + 2*f + 31 = 0. Let x(y) = -2 - 3*y**